 230. Calculate m(h).
20
Let a(b) = 5*b - 6*b + 213 + 2*b + 37*b**3 - 214. What is a(1)?
37
Suppose 4*f - 8*f + 24 = 0. Let t be (f/(-8))/(30/(-80)). Let c(s) = 2*s + 11 - 21 + t. Give c(6).
4
Let p be (-12)/(-9)*18/12. Let r(m) = -9*m - 1 + m**p - 20 + 33 + 0*m. What is r(8)?
4
Suppose 0 = 4*t - 4, m + 6 = 2*t. Let s(f) be the second derivative of f**5/20 + f**4/2 + 5*f**3/6 + 3*f**2/2 - 2*f. Calculate s(m).
15
Let y = -7 + 14. Let u be (-2 + y)/10*16. Let h(c) = 10*c + c**2 - c**3 - u*c + 3*c - 4 + 0*c. Give h(3).
-7
Let v(h) = 6*h + 1. Let l be v(-1). Let w = l - -5. Let r be w - (3 - (-1 - -3)). Let j(z) = 4*z**2. What is j(r)?
4
Let m be ((-8)/(-5))/((-3)/(-75)). Let q be 16/m*(1 + -16). Let w(d) = 9*d + 14. Let t(a) = 5*a + 7. Let g(z) = -5*t(z) + 3*w(z). Determine g(q).
-5
Let o(a) = a - 5. Let y = 409 - 409. Determine o(y).
-5
Let l(h) = 3*h**2 - 2*h + 1 + 4*h - 9*h**3 + 14*h**3. Calculate l(-2).
-31
Let n be (-11)/(-2) + (-7)/14. Let o be n + -2 + (2 - 0). Let i(m) = 3*m - 1 - o*m + 3*m. What is i(-4)?
-5
Let b(i) = 4*i**2 - 10*i - 7. Let r(u) = 7*u**2 - 21*u - 17. Let x(w) = -5*b(w) + 3*r(w). Calculate x(14).
-2
Let n(m) be the third derivative of -m**5/30 + m**4/4 - 7*m**3/6 - 72*m**2. What is n(3)?
-7
Suppose -o = 6 - 11. Suppose l + 5 = 0, -4 = 2*r - 2*l - 18. Suppose h = -2*s - o, r*h + s - 20 = 3*s. Let g(a) = a**2 - 6*a + 6. Determine g(h).
1
Let h(r) be the first derivative of -r**3 + 6*r**2 + r - 249. Calculate h(5).
-14
Suppose -2*g = -5*j + 2, -4*j + 4*g = j + 6. Let n(p) = 42 - 3*p**j - 42 + 2*p**2. Calculate n(3).
-9
Let g(z) = -z**2 + 5*z + 1. Let w be ((-5)/2)/(2/(-16)). Suppose w = 5*h + 4*y - 8, 3*h + 4*y - 20 = 0. Give g(h).
5
Let k be 1/(-3) - (-11)/33. Suppose k = -2*t + w - 9, t - 4*t + w = 16. Let m(q) = q - 1. Give m(t).
-8
Let h(o) be the first derivative of o**3/3 + 5*o**2/2 - 3*o + 7. Let a(f) = -f**3 - 8*f**2 - 6*f + 4. Let b be a(-7). Let q be b - ((-2 - -1) + 4). Give h(q).
3
Let m(b) = b**2 + 2*b - 2. Suppose d - 3*n + 14 = 0, -3*d - n + 0 = -8. Give m(d).
1
Let u(i) = -i**2 + i + 2. Let q be (-230)/(-2) - (-14 - -12). Suppose -3*t = -0*t - q. Let f be 0 + -1 + t/13. Calculate u(f).
0
Suppose -2*a + 16*a - 14 = 0. Let y(w) = 4*w + 2. Calculate y(a).
6
Let g(b) be the second derivative of -b**4/4 - 2*b**3/3 - b**2/2 - 6*b. Let a be ((-2)/(-3))/(4/42). Let m(c) = -c + 4. Let l be m(a). Determine g(l).
-16
Let w = -23 + 19. Let u(c) = -7*c**3 + 4*c**2 - 4*c - 6. Let i(d) = -1 - 6*d**3 - 3*d - d**3 + d**2 - 4 + 2*d**2. Let n(f) = w*u(f) + 5*i(f). Determine n(1).
-8
Let c = 79 + -77. Let j(r) = 0*r**2 + r - 20*r**c + 7*r**2. Give j(1).
-12
Let i be 57/(-38) - (-7)/(-2). Let k(m) = -m**3 - 3*m**2 + 9*m - 4. What is k(i)?
1
Let f(t) = t**3 - t**2. Let j(c) = -4*c**2 + 2*c + 1. Let w(s) = -s + 4. Let p be w(2). Suppose p*v - 10 = -3*v. Let k(q) = v*f(q) - j(q). Determine k(-2).
-5
Let z(u) be the third derivative of u**6/120 + u**5/10 - u**4/12 - u**3 + 2*u**2. Let m = -23 - -37. Suppose 5*i + m = -16. What is z(i)?
6
Let w(f) = -f + 6. Let l be w(8). Let t(b) = -2*b**3 - 4*b**2 + 4. Let j(u) = u**3 + u**2 + 3*u - 1. Let d(o) = j(o) + t(o). Calculate d(l).
-7
Let v(t) = 2*t**2 + 4*t + 1. Let w be 2 + 2 - 4 - -33. Let r = w - 28. Suppose r*q - 7*q = 6. Determine v(q).
7
Let g(u) = u**3 + 10*u**2 - 9*u + 6. Suppose 0 = -18*t + 30*t + 132. Determine g(t).
-16
Let h(b) = -b - 4. Suppose -u - 2*q + 3 = -3, -12 = -2*u - 5*q. Suppose 5*r + 3*i - 15 = 0, 4*r - 4*i - u = 6. Determine h(r).
-7
Let l(d) = d**3 + 6*d**2 + 6*d + 5. Let t be l(-5). Suppose t = 4*u + 16, -2*u - 3 + 0 = 5*v. Let h(o) = -2 + 0*o - 2*o + v. Determine h(1).
-3
Let b be (3/9 + 0)*3. Let h(c) be the third derivative of -1/24*c**4 + 1/6*c**3 + 0 - 15*c**2 + 1/60*c**6 - 1/60*c**5 + 0*c. What is h(b)?
1
Let l(v) = v - 6. Let q(p) = -2*p**2 - 9*p + 5. Let b be q(-5). Give l(b).
-6
Let g(s) = -4*s - 1. Let j(a) = 3*a + 1. Let c(k) = 5*g(k) + 6*j(k). Let d(i) = -i**2 - 8*i - 7. Let w be d(-6). Give c(w).
-9
Let k(a) = -10*a**2 + 13*a - 5. Let z(y) = -3*y**2 + 4*y - 2. Let h(q) = -2*k(q) + 7*z(q). Suppose 0 = -5*l + 2*s + 17, -4*l - 5*s = -4*s - 11. Give h(l).
-7
Suppose 0*v - 4*v + 12 = 0. Suppose 0 = v*y - 2*u - 20, 0*u - 2*u = -y + 8. Let k(j) be the first derivative of j**3/3 - 3*j**2/2 - 5*j + 1. Calculate k(y).
13
Let q(j) = j**3 - 8*j**2 - 7*j - 14. Suppose 5*w = -5*h + 40, -46*h + 50*h + 5*w - 31 = 0. Give q(h).
4
Let b(p) be the third derivative of 1/60*p**5 + 1/6*p**3 + 0*p - p**2 + 0 - 7/24*p**4. Suppose 5*d = -20, 2*z + 40 = 2*d + 60. Calculate b(z).
-5
Let b(h) = 6*h**3 - 17*h**2 - 8*h + 20. Let n(y) = -2*y**3 + 6*y**2 + 3*y - 7. Let f(v) = 3*b(v) + 8*n(v). Calculate f(3).
31
Let d = 53 - 51. Suppose -7 = -3*h + g + 6, 2*h = 2*g + d. Let z(y) = -2*y + 2. Give z(h).
-10
Let f(k) be the second derivative of -k**3/2 - 3*k**2/2 + 17*k. Suppose -8 = 4*g + 8. What is f(g)?
9
Let v(q) = -30*q + 6*q**2 - 12*q + 42*q. What is v(-1)?
6
Let a be 108/(-24)*4/3. Let j(b) = -b**3 - 5*b**2 + 3*b - 6. What is j(a)?
12
Let k(w) = 11*w + 61. Let i be k(-6). Suppose -3*n = 5*g - 32, 3*n - 14 - 2 = -g. Let f(r) = -n*r + 5 + 5*r + 2. What is f(i)?
2
Suppose 2 = 2*f + 3*d - 7*d, 5*f + 5*d = 50. Let w(j) = j**3 - 7*j**2 + 2*j - 17. Calculate w(f).
-3
Suppose -19*q + 10*q = 72. Let b(v) be the first derivative of -v**3/3 - 4*v**2 + 2*v + 2. Determine b(q).
2
Let c(f) = f**3 - 5*f**2 + 3*f - 2. Let r(t) = t**3 - 8*t**2 + 3*t - 25. Let j be r(8). Let n be (-4 - j)/(3/(-3)). Determine c(n).
-11
Let z(p) = -2*p - 32. Let y be 1603/(-70) + 11 + 1/(-10). What is z(y)?
-8
Let g be (-1)/(1 - (-1)/(-2)). Let p be g - (-3)/(6/16). Let i(r) be the first derivative of 3*r**2/2 - 7*r - 186. Give i(p).
11
Let w(a) = 5*a**2 - 10*a + 11. Let i(h) = -7*h**2 + 10*h - 12. Let d(s) = -3*i(s) - 4*w(s). What is d(-12)?
16
Let y(u) = -3*u + 19. Let o(s) = -s + 4. Let b(d) = -5*o(d) + y(d). Let h = -1 - 5. Determine b(h).
-13
Let i(d) = d**2 + 18*d + 19. Let n be i(-17). Let p be ((-1)/(-3))/(n/(-18)). Let m(f) = f**2 + 3*f + 1. What is m(p)?
1
Let s = -107 + 98. Let d(x) = x**2 + 6*x - 20. Let c be d(s). Let j(i) = 2*i - 2. Calculate j(c).
12
Let y(i) = -i - 9. Let m(z) = -z - 17. Let n be m(-20). Let k be (n + 0)/(9/(-12)). Calculate y(k).
-5
Let j be (24/(-15))/((-7)/70). Let x = 14 - j. Let l(s) = -s**3 - s**2 + s + 2. Calculate l(x).
4
Let n(b) = -b**3 + 3*b**2 + 5*b - 2. Suppose 29*p - 129 = -13. What is n(p)?
2
Let n(m) = 4*m + 3. Let i be n(-1). Let w be 24 + -27 - (2/2 - i). Let t(s) be the first derivative of s**2 + 7*s - 2. Determine t(w).
-3
Let q be ((-360)/(-27) + -13)/(2/(-12)). Let w(c) = 11*c. Calculate w(q).
-22
Let c(z) = -18*z**3 - 2*z**2 - 2*z - 1. Let q be (-6)/(-45) - (-255)/(-225). Give c(q).
17
Let y(v) = 4*v**2 - 5*v + 4. Let o(a) be the second derivative of -5*a**4/12 + 5*a**3/6 - 5*a**2/2 + 17*a. Let m(u) = -3*o(u) - 4*y(u). Determine m(4).
3
Let j(u) be the first derivative of 0*u - u**2 + 1/6*u**3 - 1/24*u**4 + 5. Let k(a) be the second derivative of j(a). Determine k(4).
-3
Let y(h) = -9*h**3 - 8*h**2 - 3*h - 26. Let w(u) = -5*u**3 - 4*u**2 - 2*u - 14. Let r(a) = -11*w(a) + 6*y(a). Let t = -2 + 6. Give r(t).
14
Let q(j) = -9*j + 14. Suppose 0 = 142*d - 71*d - 426. Give q(d).
-40
Let t(u) be the third derivative of 0 + 0*u + 7/6*u**3 - 12*u**2 - 1/60*u**5 - 1/24*u**4 - 1/120*u**6. Let b(h) = h**2 - 4*h. Let f be b(4). Calculate t(f).
7
Let b(p) = -6*p - 5. Let w(f) = 5*f + 5. Let y(v) = 4*b(v) + 5*w(v). Determine y(-4).
1
Let t(u) = 4*u**2 + u + 1. Let f be t(-1). Let h(n) be the first derivative of 5*n - 1/4*n**4 - 2*n**2 + 9 + 5/3*n**3. Give h(f).
5
Let k(d) = -32*d - 1. Let f be 6/1 - (28 + -20). What is k(f)?
63
Let q = -58 - -62. Let k(b) = -b**2 - 2*b + 7. Determine k(q).
-17
Let p(t) = -6*t + 9. Let s(d) = 3*d - 2. Let f(o) = -p(o) - 4*s(o). What is f(-1)?
5
Let m(x) = 2*x - 1. Let j be (-10)/8*(9 - (8 - 3)). Let w be 66/(-22) + 5/(j/(-6)). Give m(w).
5
Let a(c) = 8*c + 5. Let d(k) = -k. Let m(t) = -a(t) - 3*d(t). Suppose -4*v = -0*z - 5*z + 15, 3*v + 14 = z. Calculate m(v).
20
Let k(y) = -y**3 + 5*y**2 - 5. Let p(o) = -o - 9. Let m be p(-7). Let j be -1 + (m - -4 - 1). Let c be (-1 - j)*(7 - 12). Determine k(c).
-5
Let t(w) = -w**3 + 6*w**2 - 3*w + 